7
In base 11, what is 1 - 1a931a83?
-1a931a82
In base 12, what is -5 - -1228a30?
1228a27
In base 16, what is 50 + -7c1e4e?
-7c1dfe
In base 14, what is c120 - 1d?
c101
In base 14, what is -2a1 - 63a35?
-63cd6
In base 8, what is 370402 + 41?
370443
In base 6, what is 14023 + -31113?
-13050
In base 3, what is 0 + 202011001200000?
202011001200000
In base 16, what is b05c + -1da?
ae82
In base 3, what is 1 + 11020221111220?
11020221111221
In base 15, what is -16ccd + -89d?
-1767b
In base 5, what is -142 - 1244040?
-1244232
In base 12, what is -2b - -35bb7?
35b88
In base 3, what is 10100002012 + -100101212?
2222200100
In base 5, what is -1033234434 - 1?
-1033234440
In base 9, what is 173666 + -85?
173571
In base 11, what is -8 + 3407921?
3407914
In base 8, what is 71 + 720340?
720431
In base 2, what is 11011111100111101100011 - 11?
11011111100111101100000
In base 8, what is 100175 + -232?
77743
In base 7, what is -3013246 - 150?
-3013426
In base 9, what is 41453 + 3281?
44744
In base 11, what is 7aa - 84619?
-8391a
In base 12, what is 140b28 + -516?
140612
In base 10, what is 3 - 2172995?
-2172992
In base 6, what is -1451450024 + 10?
-1451450014
In base 4, what is 1 - 120203122110?
-120203122103
In base 15, what is -1a33055 - -4?
-1a33051
In base 12, what is -226b139 + 5?
-226b134
In base 16, what is be5 + 3cb?
fb0
In base 10, what is -61070 - -8348?
-52722
In base 16, what is -1eb - -16b4a?
1695f
In base 4, what is -2213320220113 - 0?
-2213320220113
In base 3, what is 10001221201100212 + -12?
10001221201100200
In base 3, what is -11010102012 - 2101111?
-11012210200
In base 8, what is 5564 + -5724?
-140
In base 9, what is 14 + 5423183?
5423207
In base 13, what is -32 - -3c927?
3c8c5
In base 13, what is -132c79 + -1150?
-1340c9
In base 6, what is 1 - 11412512441?
-11412512440
In base 2, what is 1011 + 101011010001101?
101011010011000
In base 10, what is -46 - -5765603?
5765557
In base 11, what is -613 - -69686?
69073
In base 2, what is 11011101000111010110100011 - -1001?
11011101000111010110101100
In base 12, what is 1052 + 2b362?
303b4
In base 14, what is 5 - 462b533?
-462b52c
In base 11, what is -3a + -1409a3?
-140a32
In base 6, what is 15401441 + -144?
15401253
In base 4, what is -23311320 - -220031?
-23031223
In base 16, what is -25b + -428b?
-44e6
In base 13, what is 22b5 - 78b?
1827
In base 15, what is 287 - d018?
-cc81
In base 14, what is -1cb8 + 219c?
2c4
In base 9, what is -135653 + -4?
-135657
In base 6, what is 1132332 - -502?
1133234
In base 4, what is 200 - 1111333330?
-1111333130
In base 8, what is -5121043 + -164?
-5121227
In base 2, what is -101 - -101100100010001011011011?
101100100010001011010110
In base 9, what is 73567 + 366?
74044
In base 6, what is -10445 - 10431532?
-10442421
In base 7, what is 14 + -141023643?
-141023626
In base 5, what is 2 + -1403044342?
-1403044340
In base 16, what is 4 + 4303885?
4303889
In base 15, what is 51157 - -17?
5116e
In base 12, what is -7a7 - 4117?
-4902
In base 15, what is -257 + 9aa3?
984b
In base 11, what is 124 + -268172?
-268049
In base 5, what is -3 - 431434420?
-431434423
In base 4, what is -301212 - -303022313?
302121101
In base 14, what is -109 + 660098?
65dd8d
In base 9, what is 1 - -3128522?
3128523
In base 10, what is -5700 - 72161?
-77861
In base 14, what is 5 + -16cab4?
-16caad
In base 10, what is -8544953 - 18?
-8544971
In base 2, what is -11000101001100100011010 - -110?
-11000101001100100010100
In base 2, what is -10111001001101001100011011 + -11?
-10111001001101001100011110
In base 10, what is -29524 - -3688?
-25836
In base 13, what is 256 - 10b059?
-10ab03
In base 14, what is 7 - d41ad?
-d41a6
In base 15, what is -1 + 38b0405?
38b0404
In base 8, what is -4 - -21721064?
21721060
In base 3, what is 21110 + -2010000010?
-2002201200
In base 9, what is 15876 + -187514?
-171527
In base 12, what is 5654a65 - -3?
5654a68
In base 3, what is 211222000 - 1002101020?
-20102020
In base 7, what is -6553644 - -11?
-6553633
In base 6, what is -545 + -1341401?
-1342350
In base 7, what is -121465165 + -2?
-121465200
In base 14, what is -791 - -227d?
18cc
In base 16, what is 2 - -155adba?
155adbc
In base 2, what is 11011 - 1101000101010110010011?
-1101000101010101111000
In base 3, what is 110200021 - -20202112200?
21020012221
In base 16, what is -2c - -1b12a3?
1b1277
In base 9, what is -5 - -3614065?
3614060
In base 10, what is -11054331 - 2?
-11054333
In base 11, what is 4 + 26932168?
26932171
In base 9, what is 553366 + -743?
552523
In base 16, what is 78 - -19e2?
1a5a
In base 16, what is a350 + 41f9?
e549
In base 15, what is bc - 61b5de?
-61b522
In base 10, what is 269054 + 29?
269083
In base 2, what is -1010000 + -100001011110010001001?
-100001011110011011001
In base 2, what is 1010101 + -1001110101000001000?
-1001110100110110011
In base 7, what is 2156 - -564633?
600122
In base 8, what is -321605 + -1?
-321606
In base 2, what is 11001010 + 1011100000001011111?
1011100000100101001
In base 8, what is 115143 + -203?
114740
In base 14, what is -d4a - -53?
-cd7
In base 8, what is -35 + 2522753?
2522716
In base 2, what is 10100001111 - -1011000101111?
1101100111110
In base 16, what is 4 - 12fcb046?
-12fcb042
In base 2, what is -101110110000101 + 1101011?
-101110100011010
In base 10, what is 23 - -341717?
341740
In base 15, what is -29e6 + 3212?
71b
In base 8, what is -254374732 - -2?
-254374730
In base 15, what is 120d7 - -1d27?
13e0e
In base 14, what is -b6 + 4054?
3d7c
In base 13, what is -24aca07 - -1?
-24aca06
In base 4, what is -133321 - 12331122?
-13131103
In base 9, what is -1074547 - -165?
-1074372
In base 11, what is 175aa6 + 48a?
176485
In base 3, what is 1020 - -200020000110?
200020001200
In base 8, what is -7 + 6111642?
6111633
In base 11, what is 2288058 - -16?
2288073
In base 8, what is -14203 + 10272?
-3711
In base 7, what is -16 - 2340355?
-2340404
In base 3, what is 1101010101 - -10110111?
1111120212
In base 4, what is -10331133 + -211001?
-11202200
In base 16, what is -8a58 + 25c3?
-6495
In base 13, what is 1a4 - -11a397?
11a56b
In base 4, what is 1011220221 + -22?
1011220133
In base 12, what is -4a56 + 328?
-472a
In base 6, what is -12554 - -5131024?
5114030
In base 7, what is 5 + 131125650?
131125655
In base 6, what is -224 + 2133531?
2133303
In base 5, what is 133231 + -321431?
-133200
In base 5, what is 411440 + -144434?
212001
In base 15, what is 292 + -5c27?
-5985
In base 7, what is -3646263 - 4615?
-3654211
In base 3, what is -111222002002 - 11000?
-111222020002
In base 15, what is -4 - 57bebd5?
-57bebd9
In base 9, what is 1 + -14166011?
-14166010
In base 3, what is -2000100110100 - 2012?
-2000100112112
In base 8, what is -52 - 2274704?
-2274756
In base 7, what is 0 + 3652663206?
3652663206
In base 14, what is 351 + 175b1?
17922
In base 11, what is -85 - -18138?
18063
In base 3, what is -2110022 + 1002020010?
222202211
In base 14, what is 11 - -12a8c9?
12a8da
In base 14, what is 1 - 164b37d0?
-164b37cd
In base 4, what is 2 - -212023031021?
212023031023
In base 12, what is 99512 + -8?
99506
In base 9, what is -448753 + -314?
-450167
In base 7, what is -15 + 232444252?
232444234
In base 14, what is 45a8 + -34a14?
-3044a
In base 7, what is 631465 - 1026?
630436
In base 12, what is -2989 + 15923?
12b56
In base 14, what is 1 - -cb10c80?
cb10c81
In base 9, what is 112615 - 6413?
105202
In base 6, what is 10115523 + 125?
10120052
In base 8, what is 14247 + -13146?
1101
In base 3, what is 2010121000202012 + 0?
2010121000202012
In base 12, what is -287 + 1032?
967
In base 12, what is -82396 + 4?
-82392
In base 9, what is 3 - -25505125?
25505128
In base 4, what is -2 - -1110123303113?
1110123303111
In base 4, what is 2 + 1210212133201?
1210212133203
In base 13, what is -79c290 + -2?
-79c292
In base 16, what is -2f - 9af62?
-9af91
In base 4, what is -31032332002 + -1?
-31032332003
In base 16, what is -b5a8 + -16d0?
-cc78
In base 8, what is -1101 - -17340?
16237
In base 14, what is 1 + 24a8ba?
24a8bb
In base 7, what is -16015323 - -1424?
-16013566
In base 15, what is 16 - -331d34?
331d4a
In base 3, what is 2011122010 + -120100?
2011001210
In base 3, what is 10200112212220020 - -22?
10200112212220112
In base 4, what is 122133232103 - -23?
122133232132
In base 16, what is -863ff9 + -